{"id":673,"date":"2026-02-24T12:33:21","date_gmt":"2026-02-24T10:33:21","guid":{"rendered":"https:\/\/www.time4results.com\/?post_type=product&#038;p=673"},"modified":"2026-02-24T16:02:24","modified_gmt":"2026-02-24T14:02:24","slug":"hilink-microgaten-langaton-tiedonsiirtojarjestelma","status":"publish","type":"product","link":"https:\/\/www.time4results.com\/?product=hilink-microgaten-langaton-tiedonsiirtojarjestelma","title":{"rendered":"HiLink &#8211; langaton tiedonsiirtoj\u00e4rjestelm\u00e4"},"content":{"rendered":"\n<figure class=\"wp-block-image size-large\"><img loading=\"lazy\" decoding=\"async\" width=\"1024\" height=\"1024\" src=\"https:\/\/www.time4results.com\/wp-content\/uploads\/2026\/02\/HiLink_Hero_Antenna_Screen02-1024x1024.jpg\" alt=\"HiLink\" class=\"wp-image-677\" srcset=\"https:\/\/www.time4results.com\/wp-content\/uploads\/2026\/02\/HiLink_Hero_Antenna_Screen02-1024x1024.jpg 1024w, https:\/\/www.time4results.com\/wp-content\/uploads\/2026\/02\/HiLink_Hero_Antenna_Screen02-300x300.jpg 300w, https:\/\/www.time4results.com\/wp-content\/uploads\/2026\/02\/HiLink_Hero_Antenna_Screen02-150x150.jpg 150w, https:\/\/www.time4results.com\/wp-content\/uploads\/2026\/02\/HiLink_Hero_Antenna_Screen02-768x768.jpg 768w, https:\/\/www.time4results.com\/wp-content\/uploads\/2026\/02\/HiLink_Hero_Antenna_Screen02-1536x1536.jpg 1536w, https:\/\/www.time4results.com\/wp-content\/uploads\/2026\/02\/HiLink_Hero_Antenna_Screen02-2048x2048.jpg 2048w, https:\/\/www.time4results.com\/wp-content\/uploads\/2026\/02\/HiLink_Hero_Antenna_Screen02-600x600.jpg 600w, https:\/\/www.time4results.com\/wp-content\/uploads\/2026\/02\/HiLink_Hero_Antenna_Screen02-160x160.jpg 160w, https:\/\/www.time4results.com\/wp-content\/uploads\/2026\/02\/HiLink_Hero_Antenna_Screen02-400x400.jpg 400w, https:\/\/www.time4results.com\/wp-content\/uploads\/2026\/02\/HiLink_Hero_Antenna_Screen02-100x100.jpg 100w\" sizes=\"auto, (max-width: 1024px) 100vw, 1024px\" \/><figcaption class=\"wp-element-caption\">HiLink langaton signaalil\u00e4hetin\/vastaanotin<\/figcaption><\/figure>\n\n\n\n<p>HiLink sis\u00e4lt\u00e4\u00e4 sek\u00e4 l\u00e4hettimen (EndRadio) ett\u00e4 vastaanottimen (Decradio). Kompakti koko sek\u00e4  laaja k\u00e4ytt\u00f6l\u00e4mp\u00f6tila (-30\u00b0C +70\u00b0C), l\u00e4mp\u00f6tilakompnsoitu kideoskillaattori \u00b11 ppm, tekev\u00e4t siit\u00e4 ideaalisen laitteen ajanottosignaalien siirt\u00e4miseen luotettavasti ja langattomasti kaikissa tilanteissa. <\/p>\n\n\n\n<p>HiLink ei ole ainoastaan radiol\u00e4htin\/vastaanotin, vaan sen tarkkuuskello mahdollistaa laitteen k\u00e4ytt\u00e4misen my\u00f6s ajanottolaitteena (FISin homologoima). Laitteeseen on saatavilla my\u00f6s ulkoinen tulostin ajanottosignaalien kellonaikojen (time of day) tulostamiseen paperille.<\/p>\n\n\n\n<p>HiLinkissa on my\u00f6s sis\u00e4\u00e4nrakennettu GPS laitteen oman kellonajan synkronointiin ja se mahdollistaa laitteen k\u00e4ytt\u00e4misen synkronointilaitteena my\u00f6s muille ajanottolaitteille.<\/p>\n\n\n\n<p><\/p>\n\n\n\n<div class=\"wp-block-group is-nowrap is-layout-flex wp-container-core-group-is-layout-ad2f72ca wp-block-group-is-layout-flex\">\n<figure class=\"wp-block-image size-full\"><img loading=\"lazy\" decoding=\"async\" width=\"2000\" height=\"2000\" src=\"https:\/\/www.time4results.com\/wp-content\/uploads\/2026\/02\/HiLink_Detail_Antenna_Screen01_2kx2k.jpg\" alt=\"HiLink Hero\" class=\"wp-image-678\" srcset=\"https:\/\/www.time4results.com\/wp-content\/uploads\/2026\/02\/HiLink_Detail_Antenna_Screen01_2kx2k.jpg 2000w, https:\/\/www.time4results.com\/wp-content\/uploads\/2026\/02\/HiLink_Detail_Antenna_Screen01_2kx2k-300x300.jpg 300w, https:\/\/www.time4results.com\/wp-content\/uploads\/2026\/02\/HiLink_Detail_Antenna_Screen01_2kx2k-1024x1024.jpg 1024w, https:\/\/www.time4results.com\/wp-content\/uploads\/2026\/02\/HiLink_Detail_Antenna_Screen01_2kx2k-150x150.jpg 150w, https:\/\/www.time4results.com\/wp-content\/uploads\/2026\/02\/HiLink_Detail_Antenna_Screen01_2kx2k-768x768.jpg 768w, https:\/\/www.time4results.com\/wp-content\/uploads\/2026\/02\/HiLink_Detail_Antenna_Screen01_2kx2k-1536x1536.jpg 1536w, https:\/\/www.time4results.com\/wp-content\/uploads\/2026\/02\/HiLink_Detail_Antenna_Screen01_2kx2k-600x600.jpg 600w, https:\/\/www.time4results.com\/wp-content\/uploads\/2026\/02\/HiLink_Detail_Antenna_Screen01_2kx2k-160x160.jpg 160w, https:\/\/www.time4results.com\/wp-content\/uploads\/2026\/02\/HiLink_Detail_Antenna_Screen01_2kx2k-400x400.jpg 400w, https:\/\/www.time4results.com\/wp-content\/uploads\/2026\/02\/HiLink_Detail_Antenna_Screen01_2kx2k-100x100.jpg 100w\" sizes=\"auto, (max-width: 2000px) 100vw, 2000px\" \/><\/figure>\n\n\n\n<p>HiLink voidaan asettaa 68 eri taajuudelle ja 16:lle eri kanavalle. T\u00e4m\u00e4 mahdllistaan my\u00f6 usean eri laitteiston k\u00e4yt\u00f6n samalla alueella (esim. eri harjoittelutiimit). Laite on saatavissa sek\u00e4 10mW ett\u00e4 500 mW (k\u00e4ytt\u00f6 ei sallittu Suomessa) versioina. <\/p>\n\n\n\n<p><\/p>\n<\/div>\n\n\n\n<p>HiLink sis\u00e4lt\u00e4\u00e4 my\u00f6s Bluetooth-moduulin, jonka avulla se voidaan yhdist\u00e4\u00e4 langattomasti <a href=\"https:\/\/www.time4results.com\/?product=reipro\">ReiPro <\/a>ja <a href=\"https:\/\/www.time4results.com\/?product=rtpro\">RtPro<\/a> -ajanottolaitteisiin sek\u00e4 vastaanottaa HiSmart-tunnistimen tiedot (urheilijan tunnistaminen).<\/p>\n\n\n\n<p>Laite on yhteensopiva my\u00f6s aiempien LinkGate-j\u00e4rjestelm\u00e4n l\u00e4hettimien ja vastaanottimien kanssa.<\/p>\n\n\n\n<figure class=\"wp-block-image size-full\"><img loading=\"lazy\" decoding=\"async\" width=\"1000\" height=\"820\" src=\"https:\/\/www.time4results.com\/wp-content\/uploads\/2026\/02\/mg_site_hilink_graph_en.jpg\" alt=\"HiLink HiSmart timing\" class=\"wp-image-679\" srcset=\"https:\/\/www.time4results.com\/wp-content\/uploads\/2026\/02\/mg_site_hilink_graph_en.jpg 1000w, https:\/\/www.time4results.com\/wp-content\/uploads\/2026\/02\/mg_site_hilink_graph_en-300x246.jpg 300w, https:\/\/www.time4results.com\/wp-content\/uploads\/2026\/02\/mg_site_hilink_graph_en-768x630.jpg 768w, https:\/\/www.time4results.com\/wp-content\/uploads\/2026\/02\/mg_site_hilink_graph_en-600x492.jpg 600w, https:\/\/www.time4results.com\/wp-content\/uploads\/2026\/02\/mg_site_hilink_graph_en-195x160.jpg 195w, https:\/\/www.time4results.com\/wp-content\/uploads\/2026\/02\/mg_site_hilink_graph_en-400x328.jpg 400w\" sizes=\"auto, (max-width: 1000px) 100vw, 1000px\" \/><\/figure>\n","protected":false},"excerpt":{"rendered":"<p>HiLink sis\u00e4lt\u00e4\u00e4 sek\u00e4 l\u00e4hettimen (EndRadio) ett\u00e4 vastaanottimen (Decradio). Kompakti koko sek\u00e4 laaja k\u00e4ytt\u00f6l\u00e4mp\u00f6tila (-30\u00b0C +70\u00b0C), l\u00e4mp\u00f6tilakompnsoitu kideoskillaattori \u00b11 ppm, tekev\u00e4t siit\u00e4 ideaalisen laitteen ajanottosignaalien siirt\u00e4miseen luotettavasti ja langattomasti kaikissa tilanteissa. HiLink ei ole ainoastaan radiol\u00e4htin\/vastaanotin, vaan sen tarkkuuskello mahdollistaa laitteen k\u00e4ytt\u00e4misen my\u00f6s ajanottolaitteena (FISin homologoima). Laitteeseen on saatavilla my\u00f6s ulkoinen tulostin ajanottosignaalien kellonaikojen (time of day) tulostamiseen paperille. HiLinkissa on [&hellip;]<\/p>\n","protected":false},"featured_media":677,"template":"","meta":[],"product_brand":[38],"product_cat":[22,24],"product_tag":[],"class_list":{"0":"post-673","1":"product","2":"type-product","3":"status-publish","4":"has-post-thumbnail","6":"product_brand-microgate","7":"product_cat-ajanottolaitteet","8":"product_cat-lisalaitteet_ja_tarvikkeet","10":"first","11":"instock","12":"shipping-taxable","13":"product-type-simple"},"yoast_head":"<!-- This site is optimized with the Yoast SEO plugin v27.2 - https:\/\/yoast.com\/product\/yoast-seo-wordpress\/ -->\n<title>HiLink - langaton tiedonsiirtoj\u00e4rjestelm\u00e4 - Reefline Oy<\/title>\n<meta name=\"robots\" content=\"index, follow, max-snippet:-1, max-image-preview:large, max-video-preview:-1\" \/>\n<link rel=\"canonical\" href=\"https:\/\/www.time4results.com\/?product=hilink-microgaten-langaton-tiedonsiirtojarjestelma\" \/>\n<meta property=\"og:locale\" content=\"fi_FI\" \/>\n<meta property=\"og:type\" content=\"article\" \/>\n<meta property=\"og:title\" content=\"HiLink - langaton tiedonsiirtoj\u00e4rjestelm\u00e4 - Reefline Oy\" \/>\n<meta property=\"og:description\" content=\"HiLink sis\u00e4lt\u00e4\u00e4 sek\u00e4 l\u00e4hettimen (EndRadio) ett\u00e4 vastaanottimen (Decradio). Kompakti koko sek\u00e4 laaja k\u00e4ytt\u00f6l\u00e4mp\u00f6tila (-30\u00b0C +70\u00b0C), l\u00e4mp\u00f6tilakompnsoitu kideoskillaattori \u00b11 ppm, tekev\u00e4t siit\u00e4 ideaalisen laitteen ajanottosignaalien siirt\u00e4miseen luotettavasti ja langattomasti kaikissa tilanteissa. HiLink ei ole ainoastaan radiol\u00e4htin\/vastaanotin, vaan sen tarkkuuskello mahdollistaa laitteen k\u00e4ytt\u00e4misen my\u00f6s ajanottolaitteena (FISin homologoima). Laitteeseen on saatavilla my\u00f6s ulkoinen tulostin ajanottosignaalien kellonaikojen (time of day) tulostamiseen paperille. HiLinkissa on [&hellip;]\" \/>\n<meta property=\"og:url\" content=\"https:\/\/www.time4results.com\/?product=hilink-microgaten-langaton-tiedonsiirtojarjestelma\" \/>\n<meta property=\"og:site_name\" content=\"Reefline Oy\" \/>\n<meta property=\"article:publisher\" content=\"https:\/\/www.facebook.com\/reeflineoy\" \/>\n<meta property=\"article:modified_time\" content=\"2026-02-24T14:02:24+00:00\" \/>\n<meta property=\"og:image\" content=\"https:\/\/www.time4results.com\/wp-content\/uploads\/2026\/02\/HiLink_Hero_Antenna_Screen02-scaled.jpg\" \/>\n\t<meta property=\"og:image:width\" content=\"2560\" \/>\n\t<meta property=\"og:image:height\" content=\"2560\" \/>\n\t<meta property=\"og:image:type\" content=\"image\/jpeg\" \/>\n<meta name=\"twitter:card\" content=\"summary_large_image\" \/>\n<meta name=\"twitter:label1\" content=\"Arvioitu lukuaika\" \/>\n\t<meta name=\"twitter:data1\" content=\"1 minuutti\" \/>\n<script type=\"application\/ld+json\" class=\"yoast-schema-graph\">{\"@context\":\"https:\/\/schema.org\",\"@graph\":[{\"@type\":\"WebPage\",\"@id\":\"https:\/\/www.time4results.com\/?product=hilink-microgaten-langaton-tiedonsiirtojarjestelma\",\"url\":\"https:\/\/www.time4results.com\/?product=hilink-microgaten-langaton-tiedonsiirtojarjestelma\",\"name\":\"HiLink - langaton tiedonsiirtoj\u00e4rjestelm\u00e4 - Reefline Oy\",\"isPartOf\":{\"@id\":\"https:\/\/www.time4results.com\/#website\"},\"primaryImageOfPage\":{\"@id\":\"https:\/\/www.time4results.com\/?product=hilink-microgaten-langaton-tiedonsiirtojarjestelma#primaryimage\"},\"image\":{\"@id\":\"https:\/\/www.time4results.com\/?product=hilink-microgaten-langaton-tiedonsiirtojarjestelma#primaryimage\"},\"thumbnailUrl\":\"https:\/\/www.time4results.com\/wp-content\/uploads\/2026\/02\/HiLink_Hero_Antenna_Screen02-scaled.jpg\",\"datePublished\":\"2026-02-24T10:33:21+00:00\",\"dateModified\":\"2026-02-24T14:02:24+00:00\",\"breadcrumb\":{\"@id\":\"https:\/\/www.time4results.com\/?product=hilink-microgaten-langaton-tiedonsiirtojarjestelma#breadcrumb\"},\"inLanguage\":\"fi\",\"potentialAction\":[{\"@type\":\"ReadAction\",\"target\":[\"https:\/\/www.time4results.com\/?product=hilink-microgaten-langaton-tiedonsiirtojarjestelma\"]}]},{\"@type\":\"ImageObject\",\"inLanguage\":\"fi\",\"@id\":\"https:\/\/www.time4results.com\/?product=hilink-microgaten-langaton-tiedonsiirtojarjestelma#primaryimage\",\"url\":\"https:\/\/www.time4results.com\/wp-content\/uploads\/2026\/02\/HiLink_Hero_Antenna_Screen02-scaled.jpg\",\"contentUrl\":\"https:\/\/www.time4results.com\/wp-content\/uploads\/2026\/02\/HiLink_Hero_Antenna_Screen02-scaled.jpg\",\"width\":2560,\"height\":2560,\"caption\":\"HiLink langaton signaalil\u00e4hetin\/vastaanotin\"},{\"@type\":\"BreadcrumbList\",\"@id\":\"https:\/\/www.time4results.com\/?product=hilink-microgaten-langaton-tiedonsiirtojarjestelma#breadcrumb\",\"itemListElement\":[{\"@type\":\"ListItem\",\"position\":1,\"name\":\"Etusivu\",\"item\":\"https:\/\/www.time4results.com\/\"},{\"@type\":\"ListItem\",\"position\":2,\"name\":\"Tuotteet\",\"item\":\"https:\/\/www.time4results.com\/?page_id=75\"},{\"@type\":\"ListItem\",\"position\":3,\"name\":\"HiLink &#8211; langaton tiedonsiirtoj\u00e4rjestelm\u00e4\"}]},{\"@type\":\"WebSite\",\"@id\":\"https:\/\/www.time4results.com\/#website\",\"url\":\"https:\/\/www.time4results.com\/\",\"name\":\"Reefline Oy\",\"description\":\"Ajanoton- ja tulospalvelun ammattilainen\",\"publisher\":{\"@id\":\"https:\/\/www.time4results.com\/#organization\"},\"potentialAction\":[{\"@type\":\"SearchAction\",\"target\":{\"@type\":\"EntryPoint\",\"urlTemplate\":\"https:\/\/www.time4results.com\/?s={search_term_string}\"},\"query-input\":{\"@type\":\"PropertyValueSpecification\",\"valueRequired\":true,\"valueName\":\"search_term_string\"}}],\"inLanguage\":\"fi\"},{\"@type\":\"Organization\",\"@id\":\"https:\/\/www.time4results.com\/#organization\",\"name\":\"Reefline Oy\",\"url\":\"https:\/\/www.time4results.com\/\",\"logo\":{\"@type\":\"ImageObject\",\"inLanguage\":\"fi\",\"@id\":\"https:\/\/www.time4results.com\/#\/schema\/logo\/image\/\",\"url\":\"https:\/\/www.time4results.com\/wp-content\/uploads\/2021\/11\/cropped-reeflogo_1200dpi_www.png\",\"contentUrl\":\"https:\/\/www.time4results.com\/wp-content\/uploads\/2021\/11\/cropped-reeflogo_1200dpi_www.png\",\"width\":1885,\"height\":655,\"caption\":\"Reefline Oy\"},\"image\":{\"@id\":\"https:\/\/www.time4results.com\/#\/schema\/logo\/image\/\"},\"sameAs\":[\"https:\/\/www.facebook.com\/reeflineoy\"]}]}<\/script>\n<!-- \/ Yoast SEO plugin. -->","yoast_head_json":{"title":"HiLink - langaton tiedonsiirtoj\u00e4rjestelm\u00e4 - Reefline Oy","robots":{"index":"index","follow":"follow","max-snippet":"max-snippet:-1","max-image-preview":"max-image-preview:large","max-video-preview":"max-video-preview:-1"},"canonical":"https:\/\/www.time4results.com\/?product=hilink-microgaten-langaton-tiedonsiirtojarjestelma","og_locale":"fi_FI","og_type":"article","og_title":"HiLink - langaton tiedonsiirtoj\u00e4rjestelm\u00e4 - Reefline Oy","og_description":"HiLink sis\u00e4lt\u00e4\u00e4 sek\u00e4 l\u00e4hettimen (EndRadio) ett\u00e4 vastaanottimen (Decradio). Kompakti koko sek\u00e4 laaja k\u00e4ytt\u00f6l\u00e4mp\u00f6tila (-30\u00b0C +70\u00b0C), l\u00e4mp\u00f6tilakompnsoitu kideoskillaattori \u00b11 ppm, tekev\u00e4t siit\u00e4 ideaalisen laitteen ajanottosignaalien siirt\u00e4miseen luotettavasti ja langattomasti kaikissa tilanteissa. HiLink ei ole ainoastaan radiol\u00e4htin\/vastaanotin, vaan sen tarkkuuskello mahdollistaa laitteen k\u00e4ytt\u00e4misen my\u00f6s ajanottolaitteena (FISin homologoima). Laitteeseen on saatavilla my\u00f6s ulkoinen tulostin ajanottosignaalien kellonaikojen (time of day) tulostamiseen paperille. HiLinkissa on [&hellip;]","og_url":"https:\/\/www.time4results.com\/?product=hilink-microgaten-langaton-tiedonsiirtojarjestelma","og_site_name":"Reefline Oy","article_publisher":"https:\/\/www.facebook.com\/reeflineoy","article_modified_time":"2026-02-24T14:02:24+00:00","og_image":[{"width":2560,"height":2560,"url":"https:\/\/www.time4results.com\/wp-content\/uploads\/2026\/02\/HiLink_Hero_Antenna_Screen02-scaled.jpg","type":"image\/jpeg"}],"twitter_card":"summary_large_image","twitter_misc":{"Arvioitu lukuaika":"1 minuutti"},"schema":{"@context":"https:\/\/schema.org","@graph":[{"@type":"WebPage","@id":"https:\/\/www.time4results.com\/?product=hilink-microgaten-langaton-tiedonsiirtojarjestelma","url":"https:\/\/www.time4results.com\/?product=hilink-microgaten-langaton-tiedonsiirtojarjestelma","name":"HiLink - langaton tiedonsiirtoj\u00e4rjestelm\u00e4 - Reefline Oy","isPartOf":{"@id":"https:\/\/www.time4results.com\/#website"},"primaryImageOfPage":{"@id":"https:\/\/www.time4results.com\/?product=hilink-microgaten-langaton-tiedonsiirtojarjestelma#primaryimage"},"image":{"@id":"https:\/\/www.time4results.com\/?product=hilink-microgaten-langaton-tiedonsiirtojarjestelma#primaryimage"},"thumbnailUrl":"https:\/\/www.time4results.com\/wp-content\/uploads\/2026\/02\/HiLink_Hero_Antenna_Screen02-scaled.jpg","datePublished":"2026-02-24T10:33:21+00:00","dateModified":"2026-02-24T14:02:24+00:00","breadcrumb":{"@id":"https:\/\/www.time4results.com\/?product=hilink-microgaten-langaton-tiedonsiirtojarjestelma#breadcrumb"},"inLanguage":"fi","potentialAction":[{"@type":"ReadAction","target":["https:\/\/www.time4results.com\/?product=hilink-microgaten-langaton-tiedonsiirtojarjestelma"]}]},{"@type":"ImageObject","inLanguage":"fi","@id":"https:\/\/www.time4results.com\/?product=hilink-microgaten-langaton-tiedonsiirtojarjestelma#primaryimage","url":"https:\/\/www.time4results.com\/wp-content\/uploads\/2026\/02\/HiLink_Hero_Antenna_Screen02-scaled.jpg","contentUrl":"https:\/\/www.time4results.com\/wp-content\/uploads\/2026\/02\/HiLink_Hero_Antenna_Screen02-scaled.jpg","width":2560,"height":2560,"caption":"HiLink langaton signaalil\u00e4hetin\/vastaanotin"},{"@type":"BreadcrumbList","@id":"https:\/\/www.time4results.com\/?product=hilink-microgaten-langaton-tiedonsiirtojarjestelma#breadcrumb","itemListElement":[{"@type":"ListItem","position":1,"name":"Etusivu","item":"https:\/\/www.time4results.com\/"},{"@type":"ListItem","position":2,"name":"Tuotteet","item":"https:\/\/www.time4results.com\/?page_id=75"},{"@type":"ListItem","position":3,"name":"HiLink &#8211; langaton tiedonsiirtoj\u00e4rjestelm\u00e4"}]},{"@type":"WebSite","@id":"https:\/\/www.time4results.com\/#website","url":"https:\/\/www.time4results.com\/","name":"Reefline Oy","description":"Ajanoton- ja tulospalvelun ammattilainen","publisher":{"@id":"https:\/\/www.time4results.com\/#organization"},"potentialAction":[{"@type":"SearchAction","target":{"@type":"EntryPoint","urlTemplate":"https:\/\/www.time4results.com\/?s={search_term_string}"},"query-input":{"@type":"PropertyValueSpecification","valueRequired":true,"valueName":"search_term_string"}}],"inLanguage":"fi"},{"@type":"Organization","@id":"https:\/\/www.time4results.com\/#organization","name":"Reefline Oy","url":"https:\/\/www.time4results.com\/","logo":{"@type":"ImageObject","inLanguage":"fi","@id":"https:\/\/www.time4results.com\/#\/schema\/logo\/image\/","url":"https:\/\/www.time4results.com\/wp-content\/uploads\/2021\/11\/cropped-reeflogo_1200dpi_www.png","contentUrl":"https:\/\/www.time4results.com\/wp-content\/uploads\/2021\/11\/cropped-reeflogo_1200dpi_www.png","width":1885,"height":655,"caption":"Reefline Oy"},"image":{"@id":"https:\/\/www.time4results.com\/#\/schema\/logo\/image\/"},"sameAs":["https:\/\/www.facebook.com\/reeflineoy"]}]}},"_links":{"self":[{"href":"https:\/\/www.time4results.com\/index.php?rest_route=\/wp\/v2\/product\/673","targetHints":{"allow":["GET"]}}],"collection":[{"href":"https:\/\/www.time4results.com\/index.php?rest_route=\/wp\/v2\/product"}],"about":[{"href":"https:\/\/www.time4results.com\/index.php?rest_route=\/wp\/v2\/types\/product"}],"wp:featuredmedia":[{"embeddable":true,"href":"https:\/\/www.time4results.com\/index.php?rest_route=\/wp\/v2\/media\/677"}],"wp:attachment":[{"href":"https:\/\/www.time4results.com\/index.php?rest_route=%2Fwp%2Fv2%2Fmedia&parent=673"}],"wp:term":[{"taxonomy":"product_brand","embeddable":true,"href":"https:\/\/www.time4results.com\/index.php?rest_route=%2Fwp%2Fv2%2Fproduct_brand&post=673"},{"taxonomy":"product_cat","embeddable":true,"href":"https:\/\/www.time4results.com\/index.php?rest_route=%2Fwp%2Fv2%2Fproduct_cat&post=673"},{"taxonomy":"product_tag","embeddable":true,"href":"https:\/\/www.time4results.com\/index.php?rest_route=%2Fwp%2Fv2%2Fproduct_tag&post=673"}],"curies":[{"name":"wp","href":"https:\/\/api.w.org\/{rel}","templated":true}]}}